
-34b0c
What is 133121100211 (base 4) in base 3?
120111010100001
Convert 4600417 (base 8) to base 3.
2100021102222
What is -1100010001 (base 3) in base 5?
-1320301
Convert -1028735 (base 10) to base 15.
-154c25
Convert -41020543 (base 6) to base 12.
-484753
Convert -11131232 (base 5) to base 2.
-11000001001111110
What is -501535 (base 7) in base 5?
-10202044
What is -4168291 (base 10) in base 4?
-33321221203
Convert 434235 (base 8) to base 7.
1144250
What is -2124932 (base 10) in base 5?
-1020444212
Convert 19101 (base 14) to base 13.
22a7c
Convert -2005 (base 10) to base 14.
-a33
Convert 39befb (base 16) to base 7.
44111235
Convert -130605 (base 7) to base 13.
-b0ac
Convert -243376 (base 8) to base 12.
-4053a
What is 2110101122 (base 3) in base 6?
1012025
What is -35113623 (base 7) in base 13?
-83a858
Convert -16203 (base 15) to base 7.
-414645
Convert -5619ca (base 15) to base 10.
-4106215
What is 4400133 (base 6) in base 10?
217785
What is 111a39 (base 12) in base 13?
97212
What is 1001001001100100000010 (base 2) in base 12?
978002
999b6 (base 12) to base 15
404e0
What is 201130302330 (base 4) in base 5?
4221044300
Convert -a15ab7 (base 12) to base 8.
-11470353
5a90 (base 11) to base 15
255e
What is -1028304 (base 9) in base 14?
-104958
Convert -13330121 (base 4) to base 15.
-9992
Convert -21b2 (base 15) to base 12.
-4172
Convert -73834 (base 14) to base 8.
-1040346
1000101110001001000010 (base 2) to base 8
10561102
Convert -418bc0 (base 13) to base 9.
-2786283
Convert -111323103022 (base 4) to base 2.
-10101111011010011001010
What is -18515 (base 9) in base 5?
-402222
What is 22002101021 (base 3) in base 16?
26ddf
12907798 (base 10) to base 11
7316902
What is -37866 (base 13) in base 16?
-19062
Convert 1331321130 (base 4) to base 2.
1111101111001011100
What is 142104 (base 10) in base 5?
14021404
What is 101267 (base 8) in base 16?
82b7
What is 26257186 (base 9) in base 2?
110001010000000010011101
-22003021 (base 4) to base 16
-a0c9
-c071a (base 14) to base 15
-9200d
Convert f96a (base 16) to base 6.
1211334
Convert a2a1c (base 14) to base 6.
12221042
Convert 101201230103 (base 4) to base 8.
21415423
380aa7 (base 11) to base 15
bd3c3
What is 12202100102 (base 3) in base 11?
780a4
What is 23013302 (base 5) in base 9?
341101
Convert -1101101110111000111 (base 2) to base 16.
-6ddc7
What is 260231 (base 8) in base 9?
146734
-2212112202110 (base 3) to base 6
-52414233
Convert 5567048 (base 9) to base 11.
1767732
What is 422436 (base 9) in base 12?
1013b9
Convert 575c42 (base 14) to base 16.
2d61d2
Convert 1401685 (base 9) to base 10.
768929
Convert -35455422 (base 8) to base 6.
-434130002
What is 2a387 (base 14) in base 3?
12100000010
42242534 (base 7) to base 15
4a8cce
Convert 10a463a (base 12) to base 5.
1304414131
What is 10001000111100100111 (base 2) in base 14?
1085cb
Convert -a085 (base 16) to base 11.
-28968
Convert -22506611 (base 7) to base 15.
-28d51e
What is -691b (base 13) in base 5?
-432402
Convert 30402830 (base 9) to base 7.
234663246
What is -1010111001111111 (base 2) in base 14?
-123cb
What is 1011111000000111110011 (base 2) in base 5?
1244112314
What is 41633b (base 15) in base 3?
12211221220002
Convert -14406234 (base 7) to base 16.
-14ce5c
Convert -2159 (base 11) to base 7.
-11205
What is -2224003424 (base 5) in base 12?
-178766b
-120232004 (base 5) to base 14
-1064d0
What is 92913a (base 15) in base 2?
11010100100110000001000
Convert -1110020300 (base 4) to base 7.
-2633510
What is -1657055 (base 10) in base 7?
-20041031
Convert -19f008 (base 16) to base 10.
-1699848
Convert 3c8158 (base 13) to base 2.
101100111111101111101
100101101111011001100 (base 2) to base 12
4b7810
-11111211201 (base 3) to base 4
-111223312
What is -10be8e (base 15) in base 8?
-3032050
What is 7057e (base 16) in base 4?
1300111332
Convert 210220112101 (base 3) to base 16.
6947b
What is 1161c93 (base 13) in base 12?
1971a19
What is 392b61 (base 12) in base 14?
1a5cc9
Convert -521237 (base 11) to base 7.
-10051520
-6174363 (base 8) to base 11
-a18664
Convert 202513 (base 9) to base 8.
352245
What is 12116011 (base 8) in base 9?
5005654
Convert -11140101224 (base 5) to base 13.
-27606aa
-1364723 (base 11) to base 7
-25651454
Convert -42769 (base 14) to base 10.
-160617
-404036 (base 7) to base 10
-68627
Convert 100030 (base 7) to base 15.
4ebd
Convert -446651 (base 10) to base 13.
-1283ba
-3034054 (base 6) to base 14
-3aa78
Convert 39c03a (base 14) to base 5.
1002222241
-1320b6 (base 13) to base 16
-70acf
What is 221141422 (base 5) in base 9?
1721431
-465357 (base 9) to base 5
-32421002
Convert 420154 (base 7) to base 8.
214666
Convert -1000011110000110000000110 (base 2) to base 6.
-1432421354
Convert -22323002322 (base 4) to base 10.
-2863290
1335225 (base 7) to base 15
37720
Convert -c4f64 (base 16) to base 2.
-11000100111101100100
Convert -233220112 (base 4) to base 12.
-94a9a
-1105763 (base 8) to base 2
-1001000101111110011
What is 22221021120 (base 3) in base 6?
3434153
What is -b6db5 (base 15) in base 8?
-2155174
Convert 171673 (base 11) to base 3.
111111102211
What is -3323131110 (base 4) in base 6?
-34024220
What is 400434 (base 9) in base 13?
83893
-961617 (base 12) to base 9
-4406221
-45031510 (base 6) to base 15
-1bc279
Convert 29e0b (base 15) to base 9.
224802
Convert 30341300 (base 5) to base 3.
110112001210
1001101000000011001 (base 2) to base 9
530603
Convert -1001111110000111010 (base 2) to base 14.
-870ca
What is -10111010101100101101 (base 2) in base 12?
-30a665
What is 1312302011 (base 5) in base 15?
4412c1
203747 (base 9) to base 3
20010211121
-26754750 (base 8) to base 6
-333004200
Convert -490484 (base 13) to base 15.
-2466a5
What is -263371 (base 8) in base 9?
-150047
-64869 (base 13) to base 5
-21302333
Convert -152415 (base 11) to base 2.
-111001111101101010
Convert -604b0 (base 12) to base 5.
-13000444
Convert 148271 (base 11) to base 8.
702267
Convert 2230231232 (base 4) to base 14.
145b54
Convert 1110101010100110 (base 2) to base 5.
3410240
-35d89 (base 15) to base 5
-20444204
3162241 (base 7) to base 16
5dfcd
What is -1100010101011100001111 (base 2) in base 16?
-31570f
Convert -1120201202212 (base 3) to base 5.
-203403400
Convert 1001101110101010000 (base 2) to base 4.
1031311100
What is 686 (base 13) in base 11?
932
What is -35315253 (base 7) in base 6?
-150422323
Convert -362015 (base 8) to base 16.
-1e40d
-bb86 (base 15) to base 12
-1aba6
Convert -1101111202 (base 4) to base 3.
-121221000001
Convert 27161258 (base 9) to base 15.
129608e
What is 100201323201 (base 4) in base 6?
232513253
-24932 (base 12) to base 5
-3042333
What is 3c29ad (base 16) in base 7?
45341062
Convert d388 (base 16) to base 3.
2202021122
-200313212 (base 4) to base 8
-406746
14536 (base 7) to base 5
112140
-130002111021 (base 4) to base 5
-3340141302
5a67 (base 12) to base 8
23657
Convert -2435250 (base 6) to base 11.
-89315
Convert -570352 (base 12) to base 7.
-14545625
Convert 4eb1a (base 16) to base 15.
6578a
What is 56524241 (base 8) in base 16?
baa8a1
Convert -424140523 (base 6) to base 12.
-2607743
Convert -178637 (base 13) to base 15.
-b9b8b
Convert 1202103113 (base 4) to base 13.
11136b
Convert -113025110 (base 6) to base 13.
-588423
-24322140 (base 5) to base 8
-700446
What is 101010011111001101000 (base 2) in base 10?
1392232
What is -12222202201021 (base 3) in base 11?
-1885263
-127105 (base 8) to base 5
-2411423
Convert 4374615 (base 8) to base 3.
2012211220112
-3b40282 (base 12) to base 8
-54734602
3cc3da (base 14) to base 8
10025414
What is -101101000110100001 (base 2) in base 11?
-116883
Convert 12213661 (base 7) to base 11.
689676
1481907 (base 10) to base 3
2210021210110
Convert -453553132 (base 6) to base 4.
-133223120300
-30340655 (base 7) to base 3
-11202120212022
Convert -2964c5c (base 13) to base 7.
-220002260
Convert 46006425 (base 7) to base 16.
3d1223
Convert 20ae83 (base 15) to base 14.
2c6d89
What is 2628c (base 14) in base 5?
11000222
33233334 (base 5) to base 13
a1c09
Convert -266292 (base 11) to base 15.
-83e02
What is -1224463 (base 8) in base 3?
-122011221221
What is -11120222132 (base 4) in base 3?
-2122201112202
What is 21703 (base 13) in base 5?
3414010
Convert -45661 (base 13) to base 3.
-20102021121
Convert 